{"id":287,"date":"2025-09-10T11:21:54","date_gmt":"2025-09-10T09:21:54","guid":{"rendered":"https:\/\/apperreux.com\/?page_id=287"},"modified":"2026-02-14T15:55:01","modified_gmt":"2026-02-14T14:55:01","slug":"championnat-de-paris","status":"publish","type":"page","link":"https:\/\/apperreux.com\/index.php\/championnat-de-paris\/","title":{"rendered":"Championnat de Paris"},"content":{"rendered":"\t\t<div data-elementor-type=\"wp-page\" data-elementor-id=\"287\" class=\"elementor elementor-287\">\n\t\t\t\t<div class=\"elementor-element elementor-element-7d8f146 e-flex e-con-boxed e-con e-parent\" data-id=\"7d8f146\" data-element_type=\"container\" data-e-type=\"container\">\n\t\t\t\t\t<div class=\"e-con-inner\">\n\t\t\t\t<div class=\"elementor-element elementor-element-0fd0d9e elementor-widget elementor-widget-text-editor\" data-id=\"0fd0d9e\" data-element_type=\"widget\" data-e-type=\"widget\" data-widget_type=\"text-editor.default\">\n\t\t\t\t\t\t\t\t\t<p>Ce championnat se d\u00e9roule sur l&#8217;ensemble de la saison sportive.\u00a0<\/p><p>Les \u00e9quipes sont r\u00e9partis en des zones diff\u00e9rentes que le championnat classique, ce qui permet aux joueurs de rencontrer des \u00e9quipes dans toute l&#8217;\u00eele de France.<\/p>\t\t\t\t\t\t\t\t<\/div>\n\t\t\t\t\t<\/div>\n\t\t\t\t<\/div>\n\t\t<div class=\"elementor-element elementor-element-73f7ee75 e-grid e-con-boxed e-con e-parent\" data-id=\"73f7ee75\" data-element_type=\"container\" data-e-type=\"container\">\n\t\t\t\t\t<div class=\"e-con-inner\">\n\t\t<div class=\"elementor-element elementor-element-20f50d94 e-con-full e-flex e-con e-child\" data-id=\"20f50d94\" data-element_type=\"container\" data-e-type=\"container\">\n\t\t\t\t<div class=\"elementor-element elementor-element-1eb50272 elementor-widget elementor-widget-heading\" data-id=\"1eb50272\" data-element_type=\"widget\" data-e-type=\"widget\" data-widget_type=\"heading.default\">\n\t\t\t\t\t<h2 class=\"elementor-heading-title elementor-size-default\">Equipe 1 - Promo Excellence<\/h2>\t\t\t\t<\/div>\n\t\t\t\t<div class=\"elementor-element elementor-element-10ecc7bf elementor-widget elementor-widget-image\" data-id=\"10ecc7bf\" data-element_type=\"widget\" data-e-type=\"widget\" data-widget_type=\"image.default\">\n\t\t\t\t\t\t\t\t\t\t\t\t\t\t\t<img fetchpriority=\"high\" decoding=\"async\" width=\"1024\" height=\"576\" src=\"https:\/\/apperreux.com\/wp-content\/uploads\/2025\/11\/VIDE-1024x576.png\" class=\"attachment-large size-large wp-image-580\" alt=\"\" srcset=\"https:\/\/apperreux.com\/wp-content\/uploads\/2025\/11\/VIDE-1024x576.png 1024w, https:\/\/apperreux.com\/wp-content\/uploads\/2025\/11\/VIDE-300x169.png 300w, https:\/\/apperreux.com\/wp-content\/uploads\/2025\/11\/VIDE-768x432.png 768w, https:\/\/apperreux.com\/wp-content\/uploads\/2025\/11\/VIDE-800x450.png 800w, https:\/\/apperreux.com\/wp-content\/uploads\/2025\/11\/VIDE.png 1080w\" sizes=\"(max-width: 1024px) 100vw, 1024px\" \/>\t\t\t\t\t\t\t\t\t\t\t\t\t\t\t<\/div>\n\t\t\t\t<div class=\"elementor-element elementor-element-6eaba504 elementor-align-center elementor-widget elementor-widget-button\" data-id=\"6eaba504\" data-element_type=\"widget\" data-e-type=\"widget\" data-widget_type=\"button.default\">\n\t\t\t\t\t\t\t\t\t\t<a class=\"elementor-button elementor-button-link elementor-size-sm\" href=\"https:\/\/www.pingpocket.fr\/app\/fftt\/competitions\/organisations\/16\/divisions\/203949\/poules\/1157416?COMPETITION_ORGANIZATION_NAME=ILE+DE+FRANCE&#038;COMPETITION_ORGANIZATION_TYPE=LEAGUE&#038;COMPETITION_CONTEST_ID=15980&#038;COMPETITION_CONTEST_NAME=L08_Championnat+de+Paris+IDF&#038;COMPETITION_CONTEST_TYPE=TEAM&#038;COMPETITION_DIVISION_NAME=L08_Promo+Excellence&#038;COMPETITION_POOL_NAME=L08_Promo+Excellence+Poule+1&#038;phase=1\" target=\"_blank\">\n\t\t\t\t\t\t<span class=\"elementor-button-content-wrapper\">\n\t\t\t\t\t\t\t\t\t<span class=\"elementor-button-text\">R\u00e9sultats<\/span>\n\t\t\t\t\t<\/span>\n\t\t\t\t\t<\/a>\n\t\t\t\t\t\t\t\t<\/div>\n\t\t\t\t<\/div>\n\t\t<div class=\"elementor-element elementor-element-17c31542 e-con-full e-flex e-con e-child\" data-id=\"17c31542\" data-element_type=\"container\" data-e-type=\"container\">\n\t\t\t\t<div class=\"elementor-element elementor-element-7e8efe1f elementor-widget elementor-widget-heading\" data-id=\"7e8efe1f\" data-element_type=\"widget\" data-e-type=\"widget\" data-widget_type=\"heading.default\">\n\t\t\t\t\t<h2 class=\"elementor-heading-title elementor-size-default\">Equipe 2 - 1\u00e8re Division<\/h2>\t\t\t\t<\/div>\n\t\t\t\t<div class=\"elementor-element elementor-element-4aaa5b7 elementor-widget elementor-widget-image\" data-id=\"4aaa5b7\" data-element_type=\"widget\" data-e-type=\"widget\" data-widget_type=\"image.default\">\n\t\t\t\t\t\t\t\t\t\t\t\t\t\t\t<img fetchpriority=\"high\" decoding=\"async\" width=\"1024\" height=\"576\" src=\"https:\/\/apperreux.com\/wp-content\/uploads\/2025\/11\/VIDE-1024x576.png\" class=\"attachment-large size-large wp-image-580\" alt=\"\" srcset=\"https:\/\/apperreux.com\/wp-content\/uploads\/2025\/11\/VIDE-1024x576.png 1024w, https:\/\/apperreux.com\/wp-content\/uploads\/2025\/11\/VIDE-300x169.png 300w, https:\/\/apperreux.com\/wp-content\/uploads\/2025\/11\/VIDE-768x432.png 768w, https:\/\/apperreux.com\/wp-content\/uploads\/2025\/11\/VIDE-800x450.png 800w, https:\/\/apperreux.com\/wp-content\/uploads\/2025\/11\/VIDE.png 1080w\" sizes=\"(max-width: 1024px) 100vw, 1024px\" \/>\t\t\t\t\t\t\t\t\t\t\t\t\t\t\t<\/div>\n\t\t\t\t<div class=\"elementor-element elementor-element-2ce7481f elementor-align-center elementor-widget elementor-widget-button\" data-id=\"2ce7481f\" data-element_type=\"widget\" data-e-type=\"widget\" data-widget_type=\"button.default\">\n\t\t\t\t\t\t\t\t\t\t<a class=\"elementor-button elementor-button-link elementor-size-sm\" href=\"https:\/\/www.pingpocket.fr\/app\/fftt\/competitions\/organisations\/16\/divisions\/203945\/poules\/1157376?COMPETITION_ORGANIZATION_NAME=ILE+DE+FRANCE&#038;COMPETITION_ORGANIZATION_TYPE=LEAGUE&#038;COMPETITION_CONTEST_ID=15980&#038;COMPETITION_CONTEST_NAME=L08_Championnat+de+Paris+IDF&#038;COMPETITION_CONTEST_TYPE=TEAM&#038;COMPETITION_DIVISION_NAME=L08_1ere+Division&#038;COMPETITION_POOL_NAME=L08_1ere+Division+Poule+1&#038;phase=1\" target=\"_blank\">\n\t\t\t\t\t\t<span class=\"elementor-button-content-wrapper\">\n\t\t\t\t\t\t\t\t\t<span class=\"elementor-button-text\">R\u00e9sultats<\/span>\n\t\t\t\t\t<\/span>\n\t\t\t\t\t<\/a>\n\t\t\t\t\t\t\t\t<\/div>\n\t\t\t\t<\/div>\n\t\t<div class=\"elementor-element elementor-element-6980d9a3 e-con-full e-flex e-con e-child\" data-id=\"6980d9a3\" data-element_type=\"container\" data-e-type=\"container\">\n\t\t\t\t<div class=\"elementor-element elementor-element-11d1a465 elementor-widget elementor-widget-heading\" data-id=\"11d1a465\" data-element_type=\"widget\" data-e-type=\"widget\" data-widget_type=\"heading.default\">\n\t\t\t\t\t<h2 class=\"elementor-heading-title elementor-size-default\">Equipe 3 - 2\u00e8me Division<\/h2>\t\t\t\t<\/div>\n\t\t\t\t<div class=\"elementor-element elementor-element-2db9b909 elementor-widget elementor-widget-image\" data-id=\"2db9b909\" data-element_type=\"widget\" data-e-type=\"widget\" data-widget_type=\"image.default\">\n\t\t\t\t\t\t\t\t\t\t\t\t\t\t\t<img fetchpriority=\"high\" decoding=\"async\" width=\"1024\" height=\"576\" src=\"https:\/\/apperreux.com\/wp-content\/uploads\/2025\/11\/VIDE-1024x576.png\" class=\"attachment-large size-large wp-image-580\" alt=\"\" srcset=\"https:\/\/apperreux.com\/wp-content\/uploads\/2025\/11\/VIDE-1024x576.png 1024w, https:\/\/apperreux.com\/wp-content\/uploads\/2025\/11\/VIDE-300x169.png 300w, https:\/\/apperreux.com\/wp-content\/uploads\/2025\/11\/VIDE-768x432.png 768w, https:\/\/apperreux.com\/wp-content\/uploads\/2025\/11\/VIDE-800x450.png 800w, https:\/\/apperreux.com\/wp-content\/uploads\/2025\/11\/VIDE.png 1080w\" sizes=\"(max-width: 1024px) 100vw, 1024px\" \/>\t\t\t\t\t\t\t\t\t\t\t\t\t\t\t<\/div>\n\t\t\t\t<div class=\"elementor-element elementor-element-72e9484d elementor-align-center elementor-widget elementor-widget-button\" data-id=\"72e9484d\" data-element_type=\"widget\" data-e-type=\"widget\" data-widget_type=\"button.default\">\n\t\t\t\t\t\t\t\t\t\t<a class=\"elementor-button elementor-button-link elementor-size-sm\" href=\"https:\/\/www.pingpocket.fr\/app\/fftt\/competitions\/organisations\/16\/divisions\/203946\/poules\/1157389?COMPETITION_ORGANIZATION_NAME=ILE+DE+FRANCE&#038;COMPETITION_ORGANIZATION_TYPE=LEAGUE&#038;COMPETITION_CONTEST_ID=15980&#038;COMPETITION_CONTEST_NAME=L08_Championnat+de+Paris+IDF&#038;COMPETITION_CONTEST_TYPE=TEAM&#038;COMPETITION_DIVISION_NAME=L08_2eme+Division&#038;COMPETITION_POOL_NAME=L08_2eme+Division+Poule+4&#038;phase=1\" target=\"_blank\">\n\t\t\t\t\t\t<span class=\"elementor-button-content-wrapper\">\n\t\t\t\t\t\t\t\t\t<span class=\"elementor-button-text\">R\u00e9sultats<\/span>\n\t\t\t\t\t<\/span>\n\t\t\t\t\t<\/a>\n\t\t\t\t\t\t\t\t<\/div>\n\t\t\t\t<\/div>\n\t\t\t\t\t<\/div>\n\t\t\t\t<\/div>\n\t\t\t\t<\/div>\n\t\t","protected":false},"excerpt":{"rendered":"<p>Ce championnat se d\u00e9roule sur l&#8217;ensemble de la saison sportive.\u00a0 Les \u00e9quipes sont r\u00e9partis en des zones diff\u00e9rentes que le championnat classique, ce qui permet aux joueurs de rencontrer des \u00e9quipes dans toute l&#8217;\u00eele de France. Equipe 1 &#8211; Promo Excellence R\u00e9sultats Equipe 2 &#8211; 1\u00e8re Division R\u00e9sultats Equipe 3 &#8211; 2\u00e8me Division R\u00e9sultats<\/p>\n","protected":false},"author":1,"featured_media":0,"parent":0,"menu_order":0,"comment_status":"closed","ping_status":"closed","template":"","meta":{"ocean_post_layout":"","ocean_both_sidebars_style":"","ocean_both_sidebars_content_width":0,"ocean_both_sidebars_sidebars_width":0,"ocean_sidebar":"","ocean_second_sidebar":"","ocean_disable_margins":"enable","ocean_add_body_class":"","ocean_shortcode_before_top_bar":"","ocean_shortcode_after_top_bar":"","ocean_shortcode_before_header":"","ocean_shortcode_after_header":"","ocean_has_shortcode":"","ocean_shortcode_after_title":"","ocean_shortcode_before_footer_widgets":"","ocean_shortcode_after_footer_widgets":"","ocean_shortcode_before_footer_bottom":"","ocean_shortcode_after_footer_bottom":"","ocean_display_top_bar":"default","ocean_display_header":"default","ocean_header_style":"","ocean_center_header_left_menu":"","ocean_custom_header_template":"","ocean_custom_logo":0,"ocean_custom_retina_logo":0,"ocean_custom_logo_max_width":0,"ocean_custom_logo_tablet_max_width":0,"ocean_custom_logo_mobile_max_width":0,"ocean_custom_logo_max_height":0,"ocean_custom_logo_tablet_max_height":0,"ocean_custom_logo_mobile_max_height":0,"ocean_header_custom_menu":"","ocean_menu_typo_font_family":"","ocean_menu_typo_font_subset":"","ocean_menu_typo_font_size":0,"ocean_menu_typo_font_size_tablet":0,"ocean_menu_typo_font_size_mobile":0,"ocean_menu_typo_font_size_unit":"px","ocean_menu_typo_font_weight":"","ocean_menu_typo_font_weight_tablet":"","ocean_menu_typo_font_weight_mobile":"","ocean_menu_typo_transform":"","ocean_menu_typo_transform_tablet":"","ocean_menu_typo_transform_mobile":"","ocean_menu_typo_line_height":0,"ocean_menu_typo_line_height_tablet":0,"ocean_menu_typo_line_height_mobile":0,"ocean_menu_typo_line_height_unit":"","ocean_menu_typo_spacing":0,"ocean_menu_typo_spacing_tablet":0,"ocean_menu_typo_spacing_mobile":0,"ocean_menu_typo_spacing_unit":"","ocean_menu_link_color":"","ocean_menu_link_color_hover":"","ocean_menu_link_color_active":"","ocean_menu_link_background":"","ocean_menu_link_hover_background":"","ocean_menu_link_active_background":"","ocean_menu_social_links_bg":"","ocean_menu_social_hover_links_bg":"","ocean_menu_social_links_color":"","ocean_menu_social_hover_links_color":"","ocean_disable_title":"default","ocean_disable_heading":"default","ocean_post_title":"","ocean_post_subheading":"","ocean_post_title_style":"","ocean_post_title_background_color":"","ocean_post_title_background":0,"ocean_post_title_bg_image_position":"","ocean_post_title_bg_image_attachment":"","ocean_post_title_bg_image_repeat":"","ocean_post_title_bg_image_size":"","ocean_post_title_height":0,"ocean_post_title_bg_overlay":0.5,"ocean_post_title_bg_overlay_color":"","ocean_disable_breadcrumbs":"default","ocean_breadcrumbs_color":"","ocean_breadcrumbs_separator_color":"","ocean_breadcrumbs_links_color":"","ocean_breadcrumbs_links_hover_color":"","ocean_display_footer_widgets":"default","ocean_display_footer_bottom":"default","ocean_custom_footer_template":"","footnotes":""},"class_list":["post-287","page","type-page","status-publish","hentry","entry"],"yoast_head":"<!-- This site is optimized with the Yoast SEO plugin v27.5 - https:\/\/yoast.com\/product\/yoast-seo-wordpress\/ -->\n<title>Championnat de Paris - Amicale Pongiste du Perreux<\/title>\n<meta name=\"robots\" content=\"index, follow, max-snippet:-1, max-image-preview:large, max-video-preview:-1\" \/>\n<link rel=\"canonical\" href=\"https:\/\/apperreux.com\/index.php\/championnat-de-paris\/\" \/>\n<meta property=\"og:locale\" content=\"en_US\" \/>\n<meta property=\"og:type\" content=\"article\" \/>\n<meta property=\"og:title\" content=\"Championnat de Paris - Amicale Pongiste du Perreux\" \/>\n<meta property=\"og:description\" content=\"Ce championnat se d\u00e9roule sur l&#8217;ensemble de la saison sportive.\u00a0 Les \u00e9quipes sont r\u00e9partis en des zones diff\u00e9rentes que le championnat classique, ce qui permet aux joueurs de rencontrer des \u00e9quipes dans toute l&#8217;\u00eele de France. Equipe 1 &#8211; Promo Excellence R\u00e9sultats Equipe 2 &#8211; 1\u00e8re Division R\u00e9sultats Equipe 3 &#8211; 2\u00e8me Division R\u00e9sultats\" \/>\n<meta property=\"og:url\" content=\"https:\/\/apperreux.com\/index.php\/championnat-de-paris\/\" \/>\n<meta property=\"og:site_name\" content=\"Amicale Pongiste du Perreux\" \/>\n<meta property=\"article:modified_time\" content=\"2026-02-14T14:55:01+00:00\" \/>\n<meta property=\"og:image\" content=\"https:\/\/apperreux.com\/wp-content\/uploads\/2025\/11\/VIDE.png\" \/>\n\t<meta property=\"og:image:width\" content=\"1080\" \/>\n\t<meta property=\"og:image:height\" content=\"608\" \/>\n\t<meta property=\"og:image:type\" content=\"image\/png\" \/>\n<meta name=\"twitter:card\" content=\"summary_large_image\" \/>\n<meta name=\"twitter:label1\" content=\"Est. reading time\" \/>\n\t<meta name=\"twitter:data1\" content=\"1 minute\" \/>\n<script type=\"application\/ld+json\" class=\"yoast-schema-graph\">{\"@context\":\"https:\\\/\\\/schema.org\",\"@graph\":[{\"@type\":\"WebPage\",\"@id\":\"https:\\\/\\\/apperreux.com\\\/index.php\\\/championnat-de-paris\\\/\",\"url\":\"https:\\\/\\\/apperreux.com\\\/index.php\\\/championnat-de-paris\\\/\",\"name\":\"Championnat de Paris - Amicale Pongiste du Perreux\",\"isPartOf\":{\"@id\":\"https:\\\/\\\/apperreux.com\\\/#website\"},\"primaryImageOfPage\":{\"@id\":\"https:\\\/\\\/apperreux.com\\\/index.php\\\/championnat-de-paris\\\/#primaryimage\"},\"image\":{\"@id\":\"https:\\\/\\\/apperreux.com\\\/index.php\\\/championnat-de-paris\\\/#primaryimage\"},\"thumbnailUrl\":\"http:\\\/\\\/apperreux.com\\\/wp-content\\\/uploads\\\/2025\\\/11\\\/VIDE-1024x576.png\",\"datePublished\":\"2025-09-10T09:21:54+00:00\",\"dateModified\":\"2026-02-14T14:55:01+00:00\",\"breadcrumb\":{\"@id\":\"https:\\\/\\\/apperreux.com\\\/index.php\\\/championnat-de-paris\\\/#breadcrumb\"},\"inLanguage\":\"en-US\",\"potentialAction\":[{\"@type\":\"ReadAction\",\"target\":[\"https:\\\/\\\/apperreux.com\\\/index.php\\\/championnat-de-paris\\\/\"]}]},{\"@type\":\"ImageObject\",\"inLanguage\":\"en-US\",\"@id\":\"https:\\\/\\\/apperreux.com\\\/index.php\\\/championnat-de-paris\\\/#primaryimage\",\"url\":\"https:\\\/\\\/apperreux.com\\\/wp-content\\\/uploads\\\/2025\\\/11\\\/VIDE.png\",\"contentUrl\":\"https:\\\/\\\/apperreux.com\\\/wp-content\\\/uploads\\\/2025\\\/11\\\/VIDE.png\",\"width\":1080,\"height\":608},{\"@type\":\"BreadcrumbList\",\"@id\":\"https:\\\/\\\/apperreux.com\\\/index.php\\\/championnat-de-paris\\\/#breadcrumb\",\"itemListElement\":[{\"@type\":\"ListItem\",\"position\":1,\"name\":\"Accueil\",\"item\":\"https:\\\/\\\/apperreux.com\\\/\"},{\"@type\":\"ListItem\",\"position\":2,\"name\":\"Championnat de Paris\"}]},{\"@type\":\"WebSite\",\"@id\":\"https:\\\/\\\/apperreux.com\\\/#website\",\"url\":\"https:\\\/\\\/apperreux.com\\\/\",\"name\":\"Amicale Pongiste du Perreux\",\"description\":\"Club de Tennis de Table du Perreux sur Marne\",\"publisher\":{\"@id\":\"https:\\\/\\\/apperreux.com\\\/#organization\"},\"potentialAction\":[{\"@type\":\"SearchAction\",\"target\":{\"@type\":\"EntryPoint\",\"urlTemplate\":\"https:\\\/\\\/apperreux.com\\\/?s={search_term_string}\"},\"query-input\":{\"@type\":\"PropertyValueSpecification\",\"valueRequired\":true,\"valueName\":\"search_term_string\"}}],\"inLanguage\":\"en-US\"},{\"@type\":\"Organization\",\"@id\":\"https:\\\/\\\/apperreux.com\\\/#organization\",\"name\":\"Amicale Pongiste du Perreux\",\"url\":\"https:\\\/\\\/apperreux.com\\\/\",\"logo\":{\"@type\":\"ImageObject\",\"inLanguage\":\"en-US\",\"@id\":\"https:\\\/\\\/apperreux.com\\\/#\\\/schema\\\/logo\\\/image\\\/\",\"url\":\"https:\\\/\\\/apperreux.com\\\/wp-content\\\/uploads\\\/2025\\\/09\\\/cropped-essai-log-OK-NOIR-18-FFF9B5.ai_-scaled-1.png\",\"contentUrl\":\"https:\\\/\\\/apperreux.com\\\/wp-content\\\/uploads\\\/2025\\\/09\\\/cropped-essai-log-OK-NOIR-18-FFF9B5.ai_-scaled-1.png\",\"width\":956,\"height\":1501,\"caption\":\"Amicale Pongiste du Perreux\"},\"image\":{\"@id\":\"https:\\\/\\\/apperreux.com\\\/#\\\/schema\\\/logo\\\/image\\\/\"}}]}<\/script>\n<!-- \/ Yoast SEO plugin. -->","yoast_head_json":{"title":"Championnat de Paris - Amicale Pongiste du Perreux","robots":{"index":"index","follow":"follow","max-snippet":"max-snippet:-1","max-image-preview":"max-image-preview:large","max-video-preview":"max-video-preview:-1"},"canonical":"https:\/\/apperreux.com\/index.php\/championnat-de-paris\/","og_locale":"en_US","og_type":"article","og_title":"Championnat de Paris - Amicale Pongiste du Perreux","og_description":"Ce championnat se d\u00e9roule sur l&#8217;ensemble de la saison sportive.\u00a0 Les \u00e9quipes sont r\u00e9partis en des zones diff\u00e9rentes que le championnat classique, ce qui permet aux joueurs de rencontrer des \u00e9quipes dans toute l&#8217;\u00eele de France. Equipe 1 &#8211; Promo Excellence R\u00e9sultats Equipe 2 &#8211; 1\u00e8re Division R\u00e9sultats Equipe 3 &#8211; 2\u00e8me Division R\u00e9sultats","og_url":"https:\/\/apperreux.com\/index.php\/championnat-de-paris\/","og_site_name":"Amicale Pongiste du Perreux","article_modified_time":"2026-02-14T14:55:01+00:00","og_image":[{"width":1080,"height":608,"url":"https:\/\/apperreux.com\/wp-content\/uploads\/2025\/11\/VIDE.png","type":"image\/png"}],"twitter_card":"summary_large_image","twitter_misc":{"Est. reading time":"1 minute"},"schema":{"@context":"https:\/\/schema.org","@graph":[{"@type":"WebPage","@id":"https:\/\/apperreux.com\/index.php\/championnat-de-paris\/","url":"https:\/\/apperreux.com\/index.php\/championnat-de-paris\/","name":"Championnat de Paris - Amicale Pongiste du Perreux","isPartOf":{"@id":"https:\/\/apperreux.com\/#website"},"primaryImageOfPage":{"@id":"https:\/\/apperreux.com\/index.php\/championnat-de-paris\/#primaryimage"},"image":{"@id":"https:\/\/apperreux.com\/index.php\/championnat-de-paris\/#primaryimage"},"thumbnailUrl":"http:\/\/apperreux.com\/wp-content\/uploads\/2025\/11\/VIDE-1024x576.png","datePublished":"2025-09-10T09:21:54+00:00","dateModified":"2026-02-14T14:55:01+00:00","breadcrumb":{"@id":"https:\/\/apperreux.com\/index.php\/championnat-de-paris\/#breadcrumb"},"inLanguage":"en-US","potentialAction":[{"@type":"ReadAction","target":["https:\/\/apperreux.com\/index.php\/championnat-de-paris\/"]}]},{"@type":"ImageObject","inLanguage":"en-US","@id":"https:\/\/apperreux.com\/index.php\/championnat-de-paris\/#primaryimage","url":"https:\/\/apperreux.com\/wp-content\/uploads\/2025\/11\/VIDE.png","contentUrl":"https:\/\/apperreux.com\/wp-content\/uploads\/2025\/11\/VIDE.png","width":1080,"height":608},{"@type":"BreadcrumbList","@id":"https:\/\/apperreux.com\/index.php\/championnat-de-paris\/#breadcrumb","itemListElement":[{"@type":"ListItem","position":1,"name":"Accueil","item":"https:\/\/apperreux.com\/"},{"@type":"ListItem","position":2,"name":"Championnat de Paris"}]},{"@type":"WebSite","@id":"https:\/\/apperreux.com\/#website","url":"https:\/\/apperreux.com\/","name":"Amicale Pongiste du Perreux","description":"Club de Tennis de Table du Perreux sur Marne","publisher":{"@id":"https:\/\/apperreux.com\/#organization"},"potentialAction":[{"@type":"SearchAction","target":{"@type":"EntryPoint","urlTemplate":"https:\/\/apperreux.com\/?s={search_term_string}"},"query-input":{"@type":"PropertyValueSpecification","valueRequired":true,"valueName":"search_term_string"}}],"inLanguage":"en-US"},{"@type":"Organization","@id":"https:\/\/apperreux.com\/#organization","name":"Amicale Pongiste du Perreux","url":"https:\/\/apperreux.com\/","logo":{"@type":"ImageObject","inLanguage":"en-US","@id":"https:\/\/apperreux.com\/#\/schema\/logo\/image\/","url":"https:\/\/apperreux.com\/wp-content\/uploads\/2025\/09\/cropped-essai-log-OK-NOIR-18-FFF9B5.ai_-scaled-1.png","contentUrl":"https:\/\/apperreux.com\/wp-content\/uploads\/2025\/09\/cropped-essai-log-OK-NOIR-18-FFF9B5.ai_-scaled-1.png","width":956,"height":1501,"caption":"Amicale Pongiste du Perreux"},"image":{"@id":"https:\/\/apperreux.com\/#\/schema\/logo\/image\/"}}]}},"_links":{"self":[{"href":"https:\/\/apperreux.com\/index.php\/wp-json\/wp\/v2\/pages\/287","targetHints":{"allow":["GET"]}}],"collection":[{"href":"https:\/\/apperreux.com\/index.php\/wp-json\/wp\/v2\/pages"}],"about":[{"href":"https:\/\/apperreux.com\/index.php\/wp-json\/wp\/v2\/types\/page"}],"author":[{"embeddable":true,"href":"https:\/\/apperreux.com\/index.php\/wp-json\/wp\/v2\/users\/1"}],"replies":[{"embeddable":true,"href":"https:\/\/apperreux.com\/index.php\/wp-json\/wp\/v2\/comments?post=287"}],"version-history":[{"count":10,"href":"https:\/\/apperreux.com\/index.php\/wp-json\/wp\/v2\/pages\/287\/revisions"}],"predecessor-version":[{"id":824,"href":"https:\/\/apperreux.com\/index.php\/wp-json\/wp\/v2\/pages\/287\/revisions\/824"}],"wp:attachment":[{"href":"https:\/\/apperreux.com\/index.php\/wp-json\/wp\/v2\/media?parent=287"}],"curies":[{"name":"wp","href":"https:\/\/api.w.org\/{rel}","templated":true}]}}