{"id":384,"date":"2025-09-14T19:55:35","date_gmt":"2025-09-14T17:55:35","guid":{"rendered":"https:\/\/apperreux.com\/?page_id=384"},"modified":"2025-09-14T20:24:50","modified_gmt":"2025-09-14T18:24:50","slug":"boutique","status":"publish","type":"page","link":"https:\/\/apperreux.com\/index.php\/boutique\/","title":{"rendered":"Boutique"},"content":{"rendered":"\t\t<div data-elementor-type=\"wp-page\" data-elementor-id=\"384\" class=\"elementor elementor-384\">\n\t\t\t\t<div class=\"elementor-element elementor-element-9bba924 e-flex e-con-boxed e-con e-parent\" data-id=\"9bba924\" data-element_type=\"container\" data-e-type=\"container\">\n\t\t\t\t\t<div class=\"e-con-inner\">\n\t\t\t\t<div class=\"elementor-element elementor-element-40a08b4 elementor-widget elementor-widget-text-editor\" data-id=\"40a08b4\" data-element_type=\"widget\" data-e-type=\"widget\" data-widget_type=\"text-editor.default\">\n\t\t\t\t\t\t\t\t\t<p>Vous trouverez dans notre boutique en ligne, le nouveau maillot du club ainsi que la raquette que nous proposons pour d\u00e9buter le Tennis de Table.<\/p>\t\t\t\t\t\t\t\t<\/div>\n\t\t\t\t\t<\/div>\n\t\t\t\t<\/div>\n\t\t<div class=\"elementor-element elementor-element-b1b8df8 e-flex e-con-boxed e-con e-parent\" data-id=\"b1b8df8\" data-element_type=\"container\" data-e-type=\"container\">\n\t\t\t\t\t<div class=\"e-con-inner\">\n\t\t\t\t<div class=\"elementor-element elementor-element-20d61b8 elementor-align-center elementor-widget elementor-widget-button\" data-id=\"20d61b8\" data-element_type=\"widget\" data-e-type=\"widget\" data-widget_type=\"button.default\">\n\t\t\t\t\t\t\t\t\t\t<a class=\"elementor-button elementor-button-link elementor-size-sm\" href=\"https:\/\/www.helloasso.com\/associations\/amicale-pongiste-du-perreux\/boutiques\/equipements-app-saison-2025-2026\" target=\"_blank\">\n\t\t\t\t\t\t<span class=\"elementor-button-content-wrapper\">\n\t\t\t\t\t\t\t\t\t<span class=\"elementor-button-text\">Acc\u00e9der \u00e0 la boutique en ligne<\/span>\n\t\t\t\t\t<\/span>\n\t\t\t\t\t<\/a>\n\t\t\t\t\t\t\t\t<\/div>\n\t\t\t\t\t<\/div>\n\t\t\t\t<\/div>\n\t\t\t\t<\/div>\n\t\t","protected":false},"excerpt":{"rendered":"<p>Vous trouverez dans notre boutique en ligne, le nouveau maillot du club ainsi que la raquette que nous proposons pour d\u00e9buter le Tennis de Table. Acc\u00e9der \u00e0 la boutique en ligne<\/p>\n","protected":false},"author":1,"featured_media":0,"parent":0,"menu_order":0,"comment_status":"closed","ping_status":"closed","template":"","meta":{"ocean_post_layout":"","ocean_both_sidebars_style":"","ocean_both_sidebars_content_width":0,"ocean_both_sidebars_sidebars_width":0,"ocean_sidebar":"","ocean_second_sidebar":"","ocean_disable_margins":"enable","ocean_add_body_class":"","ocean_shortcode_before_top_bar":"","ocean_shortcode_after_top_bar":"","ocean_shortcode_before_header":"","ocean_shortcode_after_header":"","ocean_has_shortcode":"","ocean_shortcode_after_title":"","ocean_shortcode_before_footer_widgets":"","ocean_shortcode_after_footer_widgets":"","ocean_shortcode_before_footer_bottom":"","ocean_shortcode_after_footer_bottom":"","ocean_display_top_bar":"default","ocean_display_header":"default","ocean_header_style":"","ocean_center_header_left_menu":"","ocean_custom_header_template":"","ocean_custom_logo":0,"ocean_custom_retina_logo":0,"ocean_custom_logo_max_width":0,"ocean_custom_logo_tablet_max_width":0,"ocean_custom_logo_mobile_max_width":0,"ocean_custom_logo_max_height":0,"ocean_custom_logo_tablet_max_height":0,"ocean_custom_logo_mobile_max_height":0,"ocean_header_custom_menu":"","ocean_menu_typo_font_family":"","ocean_menu_typo_font_subset":"","ocean_menu_typo_font_size":0,"ocean_menu_typo_font_size_tablet":0,"ocean_menu_typo_font_size_mobile":0,"ocean_menu_typo_font_size_unit":"px","ocean_menu_typo_font_weight":"","ocean_menu_typo_font_weight_tablet":"","ocean_menu_typo_font_weight_mobile":"","ocean_menu_typo_transform":"","ocean_menu_typo_transform_tablet":"","ocean_menu_typo_transform_mobile":"","ocean_menu_typo_line_height":0,"ocean_menu_typo_line_height_tablet":0,"ocean_menu_typo_line_height_mobile":0,"ocean_menu_typo_line_height_unit":"","ocean_menu_typo_spacing":0,"ocean_menu_typo_spacing_tablet":0,"ocean_menu_typo_spacing_mobile":0,"ocean_menu_typo_spacing_unit":"","ocean_menu_link_color":"","ocean_menu_link_color_hover":"","ocean_menu_link_color_active":"","ocean_menu_link_background":"","ocean_menu_link_hover_background":"","ocean_menu_link_active_background":"","ocean_menu_social_links_bg":"","ocean_menu_social_hover_links_bg":"","ocean_menu_social_links_color":"","ocean_menu_social_hover_links_color":"","ocean_disable_title":"default","ocean_disable_heading":"default","ocean_post_title":"","ocean_post_subheading":"","ocean_post_title_style":"","ocean_post_title_background_color":"","ocean_post_title_background":0,"ocean_post_title_bg_image_position":"","ocean_post_title_bg_image_attachment":"","ocean_post_title_bg_image_repeat":"","ocean_post_title_bg_image_size":"","ocean_post_title_height":0,"ocean_post_title_bg_overlay":0.5,"ocean_post_title_bg_overlay_color":"","ocean_disable_breadcrumbs":"default","ocean_breadcrumbs_color":"","ocean_breadcrumbs_separator_color":"","ocean_breadcrumbs_links_color":"","ocean_breadcrumbs_links_hover_color":"","ocean_display_footer_widgets":"default","ocean_display_footer_bottom":"default","ocean_custom_footer_template":"","footnotes":""},"class_list":["post-384","page","type-page","status-publish","hentry","entry"],"yoast_head":"<!-- This site is optimized with the Yoast SEO plugin v27.5 - https:\/\/yoast.com\/product\/yoast-seo-wordpress\/ -->\n<title>Boutique - Amicale Pongiste du Perreux<\/title>\n<meta name=\"robots\" content=\"index, follow, max-snippet:-1, max-image-preview:large, max-video-preview:-1\" \/>\n<link rel=\"canonical\" href=\"https:\/\/apperreux.com\/index.php\/boutique\/\" \/>\n<meta property=\"og:locale\" content=\"en_US\" \/>\n<meta property=\"og:type\" content=\"article\" \/>\n<meta property=\"og:title\" content=\"Boutique - Amicale Pongiste du Perreux\" \/>\n<meta property=\"og:description\" content=\"Vous trouverez dans notre boutique en ligne, le nouveau maillot du club ainsi que la raquette que nous proposons pour d\u00e9buter le Tennis de Table. Acc\u00e9der \u00e0 la boutique en ligne\" \/>\n<meta property=\"og:url\" content=\"https:\/\/apperreux.com\/index.php\/boutique\/\" \/>\n<meta property=\"og:site_name\" content=\"Amicale Pongiste du Perreux\" \/>\n<meta property=\"article:modified_time\" content=\"2025-09-14T18:24:50+00:00\" \/>\n<meta name=\"twitter:card\" content=\"summary_large_image\" \/>\n<meta name=\"twitter:label1\" content=\"Est. reading time\" \/>\n\t<meta name=\"twitter:data1\" content=\"1 minute\" \/>\n<script type=\"application\/ld+json\" class=\"yoast-schema-graph\">{\"@context\":\"https:\\\/\\\/schema.org\",\"@graph\":[{\"@type\":\"WebPage\",\"@id\":\"https:\\\/\\\/apperreux.com\\\/index.php\\\/boutique\\\/\",\"url\":\"https:\\\/\\\/apperreux.com\\\/index.php\\\/boutique\\\/\",\"name\":\"Boutique - Amicale Pongiste du Perreux\",\"isPartOf\":{\"@id\":\"https:\\\/\\\/apperreux.com\\\/#website\"},\"datePublished\":\"2025-09-14T17:55:35+00:00\",\"dateModified\":\"2025-09-14T18:24:50+00:00\",\"breadcrumb\":{\"@id\":\"https:\\\/\\\/apperreux.com\\\/index.php\\\/boutique\\\/#breadcrumb\"},\"inLanguage\":\"en-US\",\"potentialAction\":[{\"@type\":\"ReadAction\",\"target\":[\"https:\\\/\\\/apperreux.com\\\/index.php\\\/boutique\\\/\"]}]},{\"@type\":\"BreadcrumbList\",\"@id\":\"https:\\\/\\\/apperreux.com\\\/index.php\\\/boutique\\\/#breadcrumb\",\"itemListElement\":[{\"@type\":\"ListItem\",\"position\":1,\"name\":\"Accueil\",\"item\":\"https:\\\/\\\/apperreux.com\\\/\"},{\"@type\":\"ListItem\",\"position\":2,\"name\":\"Boutique\"}]},{\"@type\":\"WebSite\",\"@id\":\"https:\\\/\\\/apperreux.com\\\/#website\",\"url\":\"https:\\\/\\\/apperreux.com\\\/\",\"name\":\"Amicale Pongiste du Perreux\",\"description\":\"Club de Tennis de Table du Perreux sur Marne\",\"publisher\":{\"@id\":\"https:\\\/\\\/apperreux.com\\\/#organization\"},\"potentialAction\":[{\"@type\":\"SearchAction\",\"target\":{\"@type\":\"EntryPoint\",\"urlTemplate\":\"https:\\\/\\\/apperreux.com\\\/?s={search_term_string}\"},\"query-input\":{\"@type\":\"PropertyValueSpecification\",\"valueRequired\":true,\"valueName\":\"search_term_string\"}}],\"inLanguage\":\"en-US\"},{\"@type\":\"Organization\",\"@id\":\"https:\\\/\\\/apperreux.com\\\/#organization\",\"name\":\"Amicale Pongiste du Perreux\",\"url\":\"https:\\\/\\\/apperreux.com\\\/\",\"logo\":{\"@type\":\"ImageObject\",\"inLanguage\":\"en-US\",\"@id\":\"https:\\\/\\\/apperreux.com\\\/#\\\/schema\\\/logo\\\/image\\\/\",\"url\":\"https:\\\/\\\/apperreux.com\\\/wp-content\\\/uploads\\\/2025\\\/09\\\/cropped-essai-log-OK-NOIR-18-FFF9B5.ai_-scaled-1.png\",\"contentUrl\":\"https:\\\/\\\/apperreux.com\\\/wp-content\\\/uploads\\\/2025\\\/09\\\/cropped-essai-log-OK-NOIR-18-FFF9B5.ai_-scaled-1.png\",\"width\":956,\"height\":1501,\"caption\":\"Amicale Pongiste du Perreux\"},\"image\":{\"@id\":\"https:\\\/\\\/apperreux.com\\\/#\\\/schema\\\/logo\\\/image\\\/\"}}]}<\/script>\n<!-- \/ Yoast SEO plugin. -->","yoast_head_json":{"title":"Boutique - Amicale Pongiste du Perreux","robots":{"index":"index","follow":"follow","max-snippet":"max-snippet:-1","max-image-preview":"max-image-preview:large","max-video-preview":"max-video-preview:-1"},"canonical":"https:\/\/apperreux.com\/index.php\/boutique\/","og_locale":"en_US","og_type":"article","og_title":"Boutique - Amicale Pongiste du Perreux","og_description":"Vous trouverez dans notre boutique en ligne, le nouveau maillot du club ainsi que la raquette que nous proposons pour d\u00e9buter le Tennis de Table. Acc\u00e9der \u00e0 la boutique en ligne","og_url":"https:\/\/apperreux.com\/index.php\/boutique\/","og_site_name":"Amicale Pongiste du Perreux","article_modified_time":"2025-09-14T18:24:50+00:00","twitter_card":"summary_large_image","twitter_misc":{"Est. reading time":"1 minute"},"schema":{"@context":"https:\/\/schema.org","@graph":[{"@type":"WebPage","@id":"https:\/\/apperreux.com\/index.php\/boutique\/","url":"https:\/\/apperreux.com\/index.php\/boutique\/","name":"Boutique - Amicale Pongiste du Perreux","isPartOf":{"@id":"https:\/\/apperreux.com\/#website"},"datePublished":"2025-09-14T17:55:35+00:00","dateModified":"2025-09-14T18:24:50+00:00","breadcrumb":{"@id":"https:\/\/apperreux.com\/index.php\/boutique\/#breadcrumb"},"inLanguage":"en-US","potentialAction":[{"@type":"ReadAction","target":["https:\/\/apperreux.com\/index.php\/boutique\/"]}]},{"@type":"BreadcrumbList","@id":"https:\/\/apperreux.com\/index.php\/boutique\/#breadcrumb","itemListElement":[{"@type":"ListItem","position":1,"name":"Accueil","item":"https:\/\/apperreux.com\/"},{"@type":"ListItem","position":2,"name":"Boutique"}]},{"@type":"WebSite","@id":"https:\/\/apperreux.com\/#website","url":"https:\/\/apperreux.com\/","name":"Amicale Pongiste du Perreux","description":"Club de Tennis de Table du Perreux sur Marne","publisher":{"@id":"https:\/\/apperreux.com\/#organization"},"potentialAction":[{"@type":"SearchAction","target":{"@type":"EntryPoint","urlTemplate":"https:\/\/apperreux.com\/?s={search_term_string}"},"query-input":{"@type":"PropertyValueSpecification","valueRequired":true,"valueName":"search_term_string"}}],"inLanguage":"en-US"},{"@type":"Organization","@id":"https:\/\/apperreux.com\/#organization","name":"Amicale Pongiste du Perreux","url":"https:\/\/apperreux.com\/","logo":{"@type":"ImageObject","inLanguage":"en-US","@id":"https:\/\/apperreux.com\/#\/schema\/logo\/image\/","url":"https:\/\/apperreux.com\/wp-content\/uploads\/2025\/09\/cropped-essai-log-OK-NOIR-18-FFF9B5.ai_-scaled-1.png","contentUrl":"https:\/\/apperreux.com\/wp-content\/uploads\/2025\/09\/cropped-essai-log-OK-NOIR-18-FFF9B5.ai_-scaled-1.png","width":956,"height":1501,"caption":"Amicale Pongiste du Perreux"},"image":{"@id":"https:\/\/apperreux.com\/#\/schema\/logo\/image\/"}}]}},"_links":{"self":[{"href":"https:\/\/apperreux.com\/index.php\/wp-json\/wp\/v2\/pages\/384","targetHints":{"allow":["GET"]}}],"collection":[{"href":"https:\/\/apperreux.com\/index.php\/wp-json\/wp\/v2\/pages"}],"about":[{"href":"https:\/\/apperreux.com\/index.php\/wp-json\/wp\/v2\/types\/page"}],"author":[{"embeddable":true,"href":"https:\/\/apperreux.com\/index.php\/wp-json\/wp\/v2\/users\/1"}],"replies":[{"embeddable":true,"href":"https:\/\/apperreux.com\/index.php\/wp-json\/wp\/v2\/comments?post=384"}],"version-history":[{"count":10,"href":"https:\/\/apperreux.com\/index.php\/wp-json\/wp\/v2\/pages\/384\/revisions"}],"predecessor-version":[{"id":396,"href":"https:\/\/apperreux.com\/index.php\/wp-json\/wp\/v2\/pages\/384\/revisions\/396"}],"wp:attachment":[{"href":"https:\/\/apperreux.com\/index.php\/wp-json\/wp\/v2\/media?parent=384"}],"curies":[{"name":"wp","href":"https:\/\/api.w.org\/{rel}","templated":true}]}}